{"id":24688,"date":"2024-09-13T10:18:38","date_gmt":"2024-09-13T17:18:38","guid":{"rendered":"https:\/\/mr66givry2.onrocket.site\/digital-academy\/mas-alla-del-musculo-como-abordar-los-desafios-del-sueno-y-pulmonares-en-la-distrofia-miotonica-conferencia-regional-de-la-mdf-2024-en-gainesville-fl\/"},"modified":"2024-09-13T10:18:38","modified_gmt":"2024-09-13T17:18:38","slug":"mas-alla-del-musculo-como-abordar-los-desafios-del-sueno-y-pulmonares-en-la-distrofia-miotonica-conferencia-regional-de-la-mdf-2024-en-gainesville-fl","status":"publish","type":"digital-academy","link":"https:\/\/myotonic.org\/es\/digital-academy\/mas-alla-del-musculo-como-abordar-los-desafios-del-sueno-y-pulmonares-en-la-distrofia-miotonica-conferencia-regional-de-la-mdf-2024-en-gainesville-fl\/","title":{"rendered":"M\u00e1s all\u00e1 del m\u00fasculo: c\u00f3mo abordar los desaf\u00edos del sue\u00f1o y pulmonares en la distrofia miot\u00f3nica &#8211; Conferencia Regional de la MDF 2024 en Gainesville, FL"},"excerpt":{"rendered":"","protected":false},"parent":0,"template":"","video-tag":[255],"video-cat":[236,245],"class_list":["post-24688","digital-academy","type-digital-academy","status-publish","hentry","video-tag-conferencia","video-cat-recien-diagnosticado","video-cat-manejo-de-la-enfermedad"],"_links":{"self":[{"href":"https:\/\/myotonic.org\/es\/wp-json\/wp\/v2\/digital-academy\/24688","targetHints":{"allow":["GET"]}}],"collection":[{"href":"https:\/\/myotonic.org\/es\/wp-json\/wp\/v2\/digital-academy"}],"about":[{"href":"https:\/\/myotonic.org\/es\/wp-json\/wp\/v2\/types\/digital-academy"}],"wp:attachment":[{"href":"https:\/\/myotonic.org\/es\/wp-json\/wp\/v2\/media?parent=24688"}],"wp:term":[{"taxonomy":"video-tag","embeddable":true,"href":"https:\/\/myotonic.org\/es\/wp-json\/wp\/v2\/video-tag?post=24688"},{"taxonomy":"video-cat","embeddable":true,"href":"https:\/\/myotonic.org\/es\/wp-json\/wp\/v2\/video-cat?post=24688"}],"curies":[{"name":"wp","href":"https:\/\/api.w.org\/{rel}","templated":true}]}}

Más allá del músculo: cómo abordar los desafíos del sueño y pulmonares en la distrofia miotónica &#8211; Conferencia Regional de la MDF 2024 en Gainesville, FL
