{"id":24339,"date":"2023-11-27T11:36:41","date_gmt":"2023-11-27T19:36:41","guid":{"rendered":"https:\/\/mr66givry2.onrocket.site\/digital-academy\/evolution-de-la-maladie-dm1-et-gestion-des-symptomes-conference-annuelle-2023-de-la-mdf\/"},"modified":"2023-11-27T11:36:41","modified_gmt":"2023-11-27T19:36:41","slug":"evolution-de-la-maladie-dm1-et-gestion-des-symptomes-conference-annuelle-2023-de-la-mdf","status":"publish","type":"digital-academy","link":"https:\/\/myotonic.org\/fr\/digital-academy\/evolution-de-la-maladie-dm1-et-gestion-des-symptomes-conference-annuelle-2023-de-la-mdf\/","title":{"rendered":"\u00c9volution de la maladie DM1 et gestion des sympt\u00f4mes &#8211; Conf\u00e9rence annuelle 2023 de la MDF"},"excerpt":{"rendered":"","protected":false},"parent":0,"template":"","video-tag":[254],"video-cat":[235,237],"class_list":["post-24339","digital-academy","type-digital-academy","status-publish","hentry","video-tag-conference","video-cat-genetique-apercu-de-la-maladie","video-cat-nouvellement-diagnostique"],"_links":{"self":[{"href":"https:\/\/myotonic.org\/fr\/wp-json\/wp\/v2\/digital-academy\/24339","targetHints":{"allow":["GET"]}}],"collection":[{"href":"https:\/\/myotonic.org\/fr\/wp-json\/wp\/v2\/digital-academy"}],"about":[{"href":"https:\/\/myotonic.org\/fr\/wp-json\/wp\/v2\/types\/digital-academy"}],"wp:attachment":[{"href":"https:\/\/myotonic.org\/fr\/wp-json\/wp\/v2\/media?parent=24339"}],"wp:term":[{"taxonomy":"video-tag","embeddable":true,"href":"https:\/\/myotonic.org\/fr\/wp-json\/wp\/v2\/video-tag?post=24339"},{"taxonomy":"video-cat","embeddable":true,"href":"https:\/\/myotonic.org\/fr\/wp-json\/wp\/v2\/video-cat?post=24339"}],"curies":[{"name":"wp","href":"https:\/\/api.w.org\/{rel}","templated":true}]}}

Évolution de la maladie DM1 et gestion des symptômes &#8211; Conférence annuelle 2023 de la MDF
