{"id":24548,"date":"2024-09-14T10:02:23","date_gmt":"2024-09-14T17:02:23","guid":{"rendered":"https:\/\/mr66givry2.onrocket.site\/digital-academy\/nutrition-et-deglutition-dans-la-dystrophie-myotonique-conference-regionale-mdf-2024-a-houston-tx\/"},"modified":"2024-09-14T10:02:23","modified_gmt":"2024-09-14T17:02:23","slug":"nutrition-et-deglutition-dans-la-dystrophie-myotonique-conference-regionale-mdf-2024-a-houston-tx","status":"publish","type":"digital-academy","link":"https:\/\/myotonic.org\/fr\/digital-academy\/nutrition-et-deglutition-dans-la-dystrophie-myotonique-conference-regionale-mdf-2024-a-houston-tx\/","title":{"rendered":"Nutrition et d\u00e9glutition dans la dystrophie myotonique &#8211; Conf\u00e9rence r\u00e9gionale MDF 2024 \u00e0 Houston, TX"},"excerpt":{"rendered":"","protected":false},"parent":0,"template":"","video-tag":[254],"video-cat":[237,244],"class_list":["post-24548","digital-academy","type-digital-academy","status-publish","hentry","video-tag-conference","video-cat-nouvellement-diagnostique","video-cat-prise-en-charge-de-la-maladie"],"_links":{"self":[{"href":"https:\/\/myotonic.org\/fr\/wp-json\/wp\/v2\/digital-academy\/24548","targetHints":{"allow":["GET"]}}],"collection":[{"href":"https:\/\/myotonic.org\/fr\/wp-json\/wp\/v2\/digital-academy"}],"about":[{"href":"https:\/\/myotonic.org\/fr\/wp-json\/wp\/v2\/types\/digital-academy"}],"wp:attachment":[{"href":"https:\/\/myotonic.org\/fr\/wp-json\/wp\/v2\/media?parent=24548"}],"wp:term":[{"taxonomy":"video-tag","embeddable":true,"href":"https:\/\/myotonic.org\/fr\/wp-json\/wp\/v2\/video-tag?post=24548"},{"taxonomy":"video-cat","embeddable":true,"href":"https:\/\/myotonic.org\/fr\/wp-json\/wp\/v2\/video-cat?post=24548"}],"curies":[{"name":"wp","href":"https:\/\/api.w.org\/{rel}","templated":true}]}}

Nutrition et déglutition dans la dystrophie myotonique &#8211; Conférence régionale MDF 2024 à Houston, TX
